-9 - q. Let o = 12 - t. What is the units digit of o?
5
Let f(w) = -w**2 - 10*w + 3. Let z be f(-10). Let q(s) = s**2 - 7*s + 7. Let i be q(6). Suppose r = -t - 0 + i, -z*r + t + 23 = 0. What is the units digit of r?
6
Let r(f) = -13*f**3 + 2*f**2 - 2*f + 1. Let q be r(1). Let t = q + 29. What is the units digit of t?
7
Let y(q) = 2 + 1 - 3 + 3 + q. Let c be y(-5). What is the units digit of (3/c)/((-2)/12)?
9
What is the units digit of (-3 - -1)/(1/(-19))?
8
Let j be (76/6)/((-4)/12). Let d = j - -53. What is the units digit of d?
5
Suppose 0 = i - 1. What is the units digit of i/3 - (-51)/9?
6
Suppose -2*n - 192 = -6*n. What is the tens digit of n?
4
Let c(w) = 2*w**2 + 26*w - 6. What is the units digit of c(-14)?
2
Let o be (-1 - -3)*(2 + -1). Suppose -o*b - 8 = -3*c - 4*b, -4*c + b = -29. Suppose -2*j - c = -3*h, 2*j = 3*h + j - 6. What is the units digit of h?
2
Let r(g) be the first derivative of -g**4/4 + 2*g**3 - 5*g**2/2 - 4*g + 4. Suppose -5*t = -14 - 6. What is the units digit of r(t)?
8
Let t(z) = -4*z + 2. Let h be t(-10). Suppose j + 4 - h = -4*q, -26 = -3*q - 2*j. What is the units digit of q?
0
Let q = 108 + 55. What is the units digit of q?
3
Let m(t) = -t**2 - 5*t + 6. Suppose 0 = -y + 6 - 1. Suppose 4*u = -h - y, -20 - 5 = 5*h - 5*u. What is the units digit of m(h)?
6
Let g = 42 - 32. Let f be 1/(-1 + (-4)/(-5)). What is the tens digit of (-76)/f + (-2)/g?
1
Suppose -2*j + 4*b + 54 = j, 3*b = 5*j - 79. What is the units digit of j?
4
Let u(l) = l**3 + 12*l**2 + 10*l - 5. Let y be u(-11). Let n(o) = o**2 - 4*o + 2. What is the tens digit of n(y)?
1
Let v(c) be the first derivative of c**5/20 + c**4/3 + c**3/2 + 2*c**2 + 2*c - 1. Let z(o) be the first derivative of v(o). What is the units digit of z(-3)?
4
Let p be (-6)/(-4)*(0 + 2). Let k = 7 - p. Suppose 3*l + j - 15 = 11, -l - k*j + 16 = 0. What is the units digit of l?
8
Let x(r) = r + 1. Let c = 1 - 4. Let s be 6/(-9)*c - 1. What is the units digit of x(s)?
2
Let a(c) = -3*c - 23. What is the tens digit of a(-18)?
3
Suppose -5*u = 2*a - 0*u + 13, -4*u - 12 = 0. What is the units digit of a?
1
Suppose 9*n - 367 = 434. What is the tens digit of n?
8
Let t(p) = -4*p - 2*p**2 + 3*p**2 + 3*p + 6 - 7*p. Let h be t(7). Let d(m) = 6*m**2 + 1. What is the units digit of d(h)?
7
Suppose -69 = -3*z + z - i, -5*z - 5*i = -180. What is the units digit of z?
3
Let s(u) = -u**2 + 10*u + 2. Let g be s(10). What is the units digit of (g - (0 + 1))*1?
1
Suppose 8*a = 3*a + 865. What is the units digit of a?
3
Let d = 189 + -11. What is the hundreds digit of d?
1
Let g = 16 + -10. Suppose -g = -3*y - 3. What is the units digit of y?
1
Suppose 3*r = 3*u - 18, 2*u = r + 3*r + 18. Suppose u*s = 4*j - 12, -5*j + 0*s + 2*s = -15. What is the units digit of j?
3
Let u(x) = -x - 3. Let i be u(-5). Suppose 5 + 16 = 5*m - 2*s, 3*s = i*m - 15. What is the units digit of m?
3
Let v(g) = 4*g**2 + 17*g + 15. Let j(l) = 7*l**2 + 33*l + 29. Let p(n) = -3*j(n) + 5*v(n). What is the units digit of p(-9)?
3
Suppose -2*f = -z - 25, 0*z = f + 3*z - 2. What is the units digit of f?
1
Suppose -3*a - 4 + 16 = 0. Suppose -n - a = n. What is the units digit of 15/n*(-8)/10?
6
Let d(y) be the first derivative of y**3/3 - 9*y**2/2 + 12*y - 1. Suppose u + 0*u = 5*h + 33, 4*u = -h + 27. What is the units digit of d(u)?
4
Let q(l) = -l**3 + 10*l**2 - 9*l + 7. Suppose 0*n + 4*n - 36 = 0. Let a be q(n). Let t = 20 - a. What is the tens digit of t?
1
Let r = -10 + 7. What is the units digit of (-9)/r - 6 - -17?
4
Let g(n) = 55*n**2 - 2*n. What is the units digit of g(1)?
3
Suppose 39 = 5*f + 4*v, -v + 0*v - 6 = -f. Suppose 4*x - 47 = -f. What is the units digit of x?
0
Let f = -13 - -19. Suppose -3*t + t = -f. Suppose t*u - 28 = -u. What is the units digit of u?
7
Let b(m) = -3*m + 1. Let a(d) = -2*d. Let t(p) = -4*a(p) + 3*b(p). Let y be t(-4). Suppose -y = -u - 0. What is the units digit of u?
7
Let f = 32 - 6. What is the units digit of f?
6
Suppose a + c + 194 = -86, -a - 264 = 5*c. What is the tens digit of a/(-16) + (-3)/4?
1
Suppose 3*h = -2*n - h - 52, -4*n + h = 95. What is the units digit of (30/n)/(1/(-16))?
0
Let g be 2/3 - (-280)/12. Suppose 3*y + 3*b = 6, y + 2*y - 4*b = 13. Suppose 0 = -3*p + y*k + 33, -g + 7 = -p - 5*k. What is the units digit of p?
2
Let f(z) = z**2 - 1. Let p be f(1). Suppose w + w - 40 = p. What is the units digit of w?
0
Let g(q) be the first derivative of q**4/4 - q**3/3 - q**2/2 + 3*q - 1. Let f be g(0). Suppose -3*i - 3*v = f - 0, -3*v - 19 = -i. What is the units digit of i?
4
Let k(a) = a - 3. Let o be 2 - (-2 + -2 - 2). What is the units digit of k(o)?
5
Let d(u) = -u**3 - 10*u**2 + 13. Suppose 3*z + 4*f + 10 = 0, 0*z + 3*f + 25 = -4*z. What is the units digit of d(z)?
3
Let z = 0 - 2. Let f be (-5)/z*(-12)/(-10). Suppose 4*h = -5*i + 65, 26 = i + f*i - 2*h. What is the units digit of i?
9
Suppose 2*f - 7 - 1 = 0. Let h(y) = 2*y - 2. What is the units digit of h(f)?
6
Let q(s) = -s**3 + 5*s**2 + s - 5. Let n be q(5). Suppose -p + 0*p + 7 = n. What is the units digit of p?
7
Let g = 2 - -1. Let l be g + -4 + -1*4. Let d(u) = -u**3 - 5*u**2 + 7. What is the units digit of d(l)?
7
Suppose l + c = -2*c + 5, 2*l + 3*c = -5. Let a be l/(-15) + (-34)/(-3). Suppose -4*b - 4 + a = 0. What is the units digit of b?
2
Let f be 1/4 - (-170)/(-8). Let s = -11 - f. What is the units digit of s?
0
Suppose -3*l - 2*l = -20. Suppose m + l = 5. What is the units digit of m/1 + 0/3?
1
Suppose 6 = -2*d + 10. Suppose -l = d*l - 138. What is the tens digit of l?
4
Suppose -3*k - 72 = -7*k. Let z = k + -13. Suppose 5*r - 85 = -5*w, 4*w - 92 = z*r + 3. What is the units digit of w?
0
Let g be 1 + 3/3 - 0. Suppose c = -5*f - 70, -g*f + 5*f + 2*c + 42 = 0. What is the units digit of 207/21 - 2/f?
0
Suppose 0 = -2*q + 8*q - 216. What is the tens digit of q?
3
Let n(i) = -i - 1. Let w(s) = -s**3 + 10*s**2 - 6*s - 5. Let y be w(9). Let p = -33 + y. What is the units digit of n(p)?
0
Suppose -26 = -2*n - 4*l, -2*n - 2*n - 4*l + 32 = 0. Suppose z + 0*z - 4*y = 10, n*z + 5*y = -4. What is the units digit of (-1)/z*0 - -4?
4
Suppose -3*x - 14 = -x. Let d = x + 13. Suppose 4*t = d*t - 2. What is the units digit of t?
1
Let w = -57 + 80. What is the tens digit of w?
2
Suppose 400 = 5*n - 5*j, n = 5*n - 5*j - 316. What is the units digit of n?
4
What is the tens digit of 4/(-26) + (-168)/91 + 243?
4
Let y(m) = -m + 1. Let n(q) = q**3 - 3*q + 17. Let h(o) = n(o) - 2*y(o). Let x = -24 + 24. What is the units digit of h(x)?
5
Let w(l) = 2*l + 1. Let c be w(-2). What is the units digit of 5*(c - 93/(-15))?
6
Let l be 636/8 + 2/(-4). Suppose -5*i - l = 96. Let f = 50 + i. What is the units digit of f?
5
Let g = 1 + 18. What is the tens digit of g?
1
Let a(g) = -g**2 + 5*g - 4. Let n be a(3). Suppose l + 3 = -5*v, l + n*l + v - 5 = 0. Suppose l*m - 2 = 2. What is the units digit of m?
2
What is the tens digit of (1735/5 - 4) + -1?
4
Let w be (-4)/((3 + -2)/(-1)). Suppose i = w*i - 84. What is the units digit of i?
8
Let q be (1 + 1)/((-8)/(-12)). Let w(z) = -z**3 + 4*z**2 - 4*z + 3. Let n be w(q). Suppose -4*j + 3*j + 4 = n. What is the units digit of j?
4
Let y(q) = -q**2 + 5. Let v be y(0). Suppose k - 32 = v*k. Let p = -3 - k. What is the units digit of p?
5
Let p(d) be the second derivative of -2*d**3/3 + d. What is the units digit of p(-3)?
2
Let x(s) = -s**3 - s**2 + s. Let l(t) = -5*t**3 - 6*t**2 - t - 3. Let k(w) = l(w) - 4*x(w). What is the units digit of k(-3)?
1
Let a(m) = -m - 3. Let z(o) = -o**2 + 5*o - 5. Let n be z(5). Let i be a(n). Suppose -4*k + i*k = -10. What is the units digit of k?
5
Let j(y) = -y**2. Let h(m) = m**3 - 5*m**2 - 10. Let k(z) = -h(z) + 4*j(z). Let i be (0/(-4))/(2/2). What is the units digit of k(i)?
0
Let d = -17 + 7. Let i(l) = l**3 + 9*l**2 - 3*l + 1. Let v be i(-9). Let t = v + d. What is the units digit of t?
8
Let f(m) = -m**3 - m**2 - 1. Suppose -5*a + 22 = -w, -7 = -w - 3*a + 3. What is the units digit of f(w)?
3
Suppose -4*i - 4 - 20 = 0. Let k = i - -10. What is the units digit of k?
4
Let m = 175 - 111. What is the units digit of m?
4
Suppose 6*t = 3*t + 48. What is the tens digit of 2 + (t/2 - -1)?
1
Let g be 1/(1/2 - 0). Suppose 2*t - 24 = -g*t. What is the units digit